rue
Does 23 divide 1909?
True
Is 52 a factor of 3328?
True
Does 3 divide 51?
True
Does 27 divide 1224?
False
Is 34 a factor of 2040?
True
Does 31 divide 1414?
False
Is 366 a multiple of 13?
False
Is 6 a factor of 6?
True
Is 1084 a multiple of 24?
False
Is 17121 a multiple of 39?
True
Does 36 divide 2016?
True
Is 846 a multiple of 18?
True
Does 69 divide 1725?
True
Does 15 divide 1485?
True
Does 15 divide 208?
False
Is 959 a multiple of 37?
False
Does 30 divide 158?
False
Is 1770 a multiple of 118?
True
Is 13 a factor of 915?
False
Is 924 a multiple of 11?
True
Is 671 a multiple of 3?
False
Does 53 divide 2226?
True
Is 2610 a multiple of 87?
True
Is 29 a factor of 1131?
True
Is 87 a factor of 1305?
True
Is 17590 a multiple of 10?
True
Is 2747 a multiple of 26?
False
Is 9 a factor of 32178?
False
Is 11 a factor of 660?
True
Is 272 a multiple of 184?
False
Is 3216 a multiple of 12?
True
Is 24 a factor of 580?
False
Is 605 a multiple of 55?
True
Is 40503 a multiple of 9?
False
Is 7 a factor of 1697?
False
Is 20 a factor of 29740?
True
Does 14 divide 546?
True
Is 11 a factor of 2413?
False
Does 91 divide 10382?
False
Does 100 divide 259?
False
Does 21 divide 351?
False
Is 3 a factor of 5?
False
Is 45 a factor of 16480?
False
Does 3 divide 2220?
True
Is 1062 a multiple of 59?
True
Is 2180 a multiple of 37?
False
Is 3348 a multiple of 93?
True
Is 9 a factor of 1896?
False
Is 16914 a multiple of 9?
False
Is 18744 a multiple of 59?
False
Is 32 a factor of 12544?
True
Does 10 divide 6927?
False
Is 6 a factor of 4900?
False
Is 321 a multiple of 15?
False
Is 51 a factor of 4937?
False
Is 1630 a multiple of 34?
False
Is 3886 a multiple of 67?
True
Does 112 divide 4480?
True
Is 2 a factor of 338?
True
Does 34 divide 612?
True
Is 1171 a multiple of 24?
False
Does 6 divide 531?
False
Does 18 divide 546?
False
Is 268 a factor of 10116?
False
Is 31 a factor of 8120?
False
Does 4 divide 76?
True
Is 102 a factor of 27472?
False
Is 8610 a multiple of 21?
True
Is 65 a factor of 1625?
True
Is 11 a factor of 858?
True
Does 53 divide 77963?
True
Is 39309 a multiple of 47?
False
Does 45 divide 990?
True
Is 26 a factor of 3978?
True
Does 274 divide 46006?
False
Is 13 a factor of 22814?
False
Is 116 a factor of 2869?
False
Is 17745 a multiple of 65?
True
Is 695 a multiple of 32?
False
Is 167 a factor of 6847?
True
Does 12 divide 816?
True
Is 1307 a multiple of 64?
False
Is 91538 a multiple of 10?
False
Does 76 divide 3268?
True
Is 7625 a multiple of 264?
False
Is 3471 a multiple of 39?
True
Does 48 divide 326?
False
Is 6805 a multiple of 72?
False
Is 8392 a multiple of 64?
False
Is 448 a multiple of 35?
False
Is 16 a factor of 18413?
False
Is 9 a factor of 739?
False
Is 2861 even?
False
Is 45 a factor of 33191?
False
Does 66 divide 2072?
False
Does 66 divide 8778?
True
Is 21 a multiple of 5?
False
Does 18 divide 522?
True
Is 30 a factor of 66330?
True
Is 42 a factor of 4878?
False
Is 2232 a multiple of 62?
True
Does 10 divide 899?
False
Does 30 divide 9679?
False
Is 5632 a multiple of 64?
True
Is 4 a factor of 400?
True
Is 11985 a multiple of 8?
False
Does 49 divide 7154?
True
Is 15 a factor of 4260?
True
Is 124 a factor of 114005?
False
Does 6 divide 476?
False
Is 5 a factor of 922?
False
Is 26 a factor of 79412?
False
Is 75 a factor of 883?
False
Is 33 a factor of 6038?
False
Is 13 a factor of 7189?
True
Does 55 divide 1553?
False
Is 11 a factor of 5643?
True
Does 92 divide 61007?
False
Is 8 a factor of 1392?
True
Is 40 a factor of 2577?
False
Is 9 a factor of 860?
False
Is 32 a factor of 992?
True
Does 18 divide 450?
True
Does 30 divide 6304?
False
Is 15894 a multiple of 11?
False
Is 30488 a multiple of 36?
False
Is 360 a multiple of 24?
True
Is 120 a factor of 7853?
False
Is 7860 a multiple of 10?
True
Does 145 divide 3335?
True
Is 61 a factor of 982?
False
Does 12 divide 3204?
True
Is 132 a factor of 6084?
False
Does 42 divide 6837?
False
Is 50 a factor of 33726?
False
Is 482 a multiple of 10?
False
Does 44 divide 1672?
True
Is 13 a factor of 913?
False
Does 4 divide 116?
True
Is 174 a multiple of 7?
False
Is 13 a factor of 5343?
True
Is 8 a factor of 121?
False
Is 11 a factor of 822?
False
Does 64 divide 3200?
True
Is 15 a factor of 15?
True
Is 925 a multiple of 4?
False
Is 3 a factor of 401?
False
Does 69 divide 1104?
True
Is 13 a factor of 3171?
False
Does 71 divide 4828?
True
Does 8 divide 6448?
True
Is 998 a multiple of 8?
False
Is 39 a factor of 663?
True
Is 28602 a multiple of 14?
True
Is 22 a factor of 233?
False
Is 24 a factor of 744?
True
Is 978 a multiple of 3?
True
Is 43306 a multiple of 9?
False
Is 21 a factor of 16304?
False
Does 82 divide 11669?
False
Is 410 a multiple of 28?
False
Is 1120 a multiple of 40?
True
Is 130 a multiple of 14?
False
Is 9 a factor of 166?
False
Is 40 a factor of 471?
False
Does 76 divide 664?
False
Is 270 a multiple of 27?
True
Is 21 a factor of 1372?
False
Does 38 divide 7266?
False
Is 6 a factor of 7602?
True
Is 45 a factor of 1090?
False
Is 5937 a multiple of 45?
False
Is 327 a multiple of 109?
True
Is 137 a factor of 11645?
True
Does 17 divide 165?
False
Does 93 divide 5204?
False
Is 247 a multiple of 19?
True
Is 2490 a multiple of 54?
False
Is 656 a multiple of 15?
False
Is 20 a factor of 1140?
True
Is 16 a factor of 81645?
False
Is 3217 a multiple of 4?
False
Is 2 a factor of 978?
True
Is 9116 a multiple of 9?
False
Is 6731 a multiple of 52?
False
Does 12 divide 46018?
False
Does 17 divide 3570?
True
Is 23 a factor of 423?
False
Does 56 divide 2583?
False
Is 7 a factor of 1527?
False
Is 10 a factor of 10?
True
Is 9 a factor of 13563?
True
Is 1764 a multiple of 49?
True
Does 60 divide 2160?
True
Is 122980 a multiple of 55?
True
Is 500 a multiple of 20?
True
Is 690 a multiple of 26?
False
Is 25949 a multiple of 20?
False
Is 93 a factor of 73284?
True
Is 159 a factor of 7596?
False
Does 88 divide 28688?
True
Is 136 a factor of 3574?
False
Is 117 a multiple of 13?
True
Is 41758 a multiple of 39?
False
Is 5476 a multiple of 21?
False
Does 97 divide 38412?
True
Does 199 divide 35599?
False
Is 2861 a multiple of 6?
False
Is 20 a factor of 205?
False
Is 151 even?
False
Is 37 a factor of 5328?
True
Does 56 divide 6999?
False
Is 5 a factor of 5?
True
Is 34 a factor of 1001?
False
Does 59 divide 16638?
True
Is 28 a factor of 1064?
True
Does 7 divide 54219?
False
Does 14 divide 146374?
False
Is 75 a factor of 21008?
False
Is 21 a factor of 1650?
False
Is 561 a multiple of 50?
False
Is 29737 a multiple of 131?
True
Does 36 divide 2268?
True
Is 12 a factor of 21228?
True
Does 10 divide 100?
True
Is 33 a factor of 4587?
True
Is 40 a factor of 37160?
True
Does 66 divide 591?
False
Is 9 a factor of 144?
True
Is 11016 a multiple of 17?
True
Is 10 a factor of 67140?
True
Does 27 divide 128?
False
Is 39943 a multiple of 316?
False
Does 58 divide 52069?
False
Is 3244 a multiple of 53?
False
Does 129 divide 2322?
True
Is 4080 a multiple of 15?
True
Is 34 a factor of 102?
True
Does 78 divide 2937?
False
Is 39 a factor of 354?
False
Is 11 a factor of 95361?
False
Does 3 divide 4165?
False
Is 5112 a multiple of 72?
True
Is 36 a factor of 1512?
True
Is 24 a factor of 23350?
False
Does 25 divide 13883?
False
Is 14 a factor of 294?
True
Does 45 divide 2030?
False
Is 844 a multiple of 40?
False
Is 1230 a multiple of 16?
False
Does 13 divide 1637?
False
Is 273 a factor of 38602?
False
Is 15317 a multiple of 13?
False
Is 29248 a multiple of 64?
True
Does 23 divide 1864?
False
Does 11 divide 43549?
True
Is 13 a factor of 6774?
False
Is 26301 a multiple of 12?
False
Is 3 a factor of 477?
True
Is 11 a factor of 5192?
True
Is 5 a factor of 3200?
True
Is 32552 a multiple of 134?
False
Is 67 a factor of 67?
True
Does 4 divide 71?
False
Is 870 a multiple of 15?
True
Does 23 divide 57?
False
Is 1731 a multiple of 4?
False
Does 40 divide 7529?
False
Is 4068 a multiple of 17?
False
Does 14 divide 1172?
False
Is 23 a factor of 5980?
True
Does 38 divide 155?
False
Is 20 a factor of 140?
True
Is 37 a factor of 888?
True
Does 3 divide 9332?
False
Is 3916 a multiple of 44?
True
Is 304 a multiple of 19?
True
Is 1226 a multiple of 9?
False
Is 48 a factor of 883?
False
Does 8 divide 582?
False
Is 38 a multiple of 8?
False
Is 22542 a multiple of 129?
False
Is 10 a